25/7 - 6/(-14). Suppose -2*a + f*a = 12. What is the units digit of a?
6
Suppose i = -6*p + p + 19, 2*p - 49 = -5*i. Let h = i + 9. What is the units digit of h?
8
Suppose -5*r = r - 408. What is the units digit of r?
8
Let b(q) = -5*q + 4. What is the tens digit of b(-7)?
3
Let v(f) be the second derivative of -f**3/6 - f**2/2 - f. Let m(q) = q**3 - 3*q**2 + 8*q + 5. Let a(c) = m(c) + 4*v(c). What is the units digit of a(3)?
3
What is the tens digit of ((-3)/3 - -15)*(10 + 0)?
4
Let i = 102 - 8. What is the units digit of i?
4
Let u be 16/(-8) + (3 - -1). Suppose -h + 10 = u. Suppose h - 2 = k. What is the units digit of k?
6
Let w(l) = -l**2 + 13*l + 1. Let t be w(10). Let b = t + -12. What is the units digit of b?
9
Let g be -5 - (2 + 2 - 2). Let r = 19 + g. Suppose f = -f + r. What is the units digit of f?
6
Suppose 0 = 3*i - 6 - 3. What is the tens digit of (10/i)/(2/9)?
1
Let g = 101 - 54. What is the units digit of g?
7
Suppose -2*m = 4*m - 228. What is the tens digit of m?
3
Let u(l) = 7*l**3 - 2*l**2 + 12*l - 1. Let y(z) = -8*z**3 + z**2 - 13*z + 2. Let h(a) = -7*u(a) - 6*y(a). What is the units digit of h(7)?
2
Suppose 0 = 2*v - 3*v + 42. What is the tens digit of v?
4
Let d(q) = 4 + 3*q**2 - q**2 - 3*q**2. Let r = 5 + -5. What is the units digit of d(r)?
4
What is the tens digit of (-50)/(-1) + (-5)/5?
4
Let q = -13 + 22. Suppose 4*m - q - 11 = 0. What is the units digit of m?
5
Suppose 5 = -4*r + 21. Let l be (1/2)/((-3)/(-12)). Suppose -r*f + l = -6. What is the units digit of f?
2
Let r(k) = -k**3 + k**2 - k - 7. Let h be r(0). Let l = -1 - h. What is the units digit of l?
6
Suppose h - 319 = 4*t, -3*h = -7*t + 3*t - 917. What is the tens digit of h?
9
Suppose 0*q - x = -4*q + 711, 3*x - 522 = -3*q. What is the units digit of q?
7
Suppose -2*w = -w - t - 36, -137 = -4*w - 3*t. What is the tens digit of w?
3
Suppose 0 = 4*x + 3*x - 1120. What is the hundreds digit of x?
1
Suppose -b - 4*w + 152 = 0, -b - 4*b + 2*w + 716 = 0. What is the units digit of b?
4
Let l(m) be the third derivative of -5/24*m**4 + 0 - 1/60*m**5 + 0*m**3 + m**2 + 0*m. What is the units digit of l(-4)?
4
Let s(u) = 3*u + 3. Let d be s(10). Suppose 0 = -0*m + m - d. What is the tens digit of m?
3
Suppose -2*w = -10 - 16. Suppose j = 2, 0 = -a + j - 5*j + w. Let k(t) = 2*t**2 - 6*t - 7. What is the units digit of k(a)?
3
Let w = -517 + 729. What is the units digit of w?
2
Let s = -1 + 10. What is the units digit of s?
9
Let y(u) = 6*u. Suppose b + b + 6 = -4*f, 18 = 3*f - 3*b. What is the units digit of y(f)?
6
Let q = -29 + 40. Let v = 16 - q. Let d = 10 - v. What is the units digit of d?
5
Let k(m) = -14*m - 1. Let q be -3 + ((-4)/(-2) - 0). Let l be k(q). What is the units digit of 4/(-26) + 41/l?
3
Let t(f) be the third derivative of -f**6/120 + 7*f**5/60 - f**4/6 - f**3 - 4*f**2. What is the tens digit of t(5)?
2
Let j(x) = x**3 - 8*x**2 - 3*x + 6. Let d be j(8). Let g = d - -24. What is the units digit of g?
6
Suppose -f + 6*f - y = 172, -5*f + 3*y = -166. What is the tens digit of f?
3
Let v(f) = f**2 - 25*f + 49. What is the units digit of v(26)?
5
Let x(k) be the second derivative of -k**4/4 + k**3/3 + k**2/2 + 3*k. Let n be x(-1). What is the units digit of n/(-6) - (-19)/3?
7
Let g(d) = 8*d - 11. What is the units digit of g(9)?
1
Let a be 87/(-27) - 2/(-9). Let c be (a/(-2))/(1/30). Suppose 5*y - 5*k - c = 0, -3*y = -4*k - 1 - 25. What is the tens digit of y?
1
Suppose 13*u - 1720 = 399. What is the tens digit of u?
6
Let y(u) = 11*u**2 + 3*u + 3. What is the tens digit of y(2)?
5
Let t(v) = -v**3 - 6*v**2 - 2*v - 7. Let z be t(-6). Suppose -n = 2*q - 0*n - 3, -z*n = 4*q + 3. Suppose -q*a = a - 32. What is the units digit of a?
8
Let u(o) = -o**2 + 24*o - 7. What is the hundreds digit of u(7)?
1
Suppose -q - 2*q = -12. Suppose -3*o = -3, q*v - 5*o - 3 = 12. What is the units digit of v?
5
Let t = 4 + -2. Suppose 0*r + t*r - 30 = 0. What is the units digit of r?
5
Suppose 4*w + 6 = 26. What is the units digit of w?
5
Suppose 0 = g - 0*g + 1. Let i = 1 - g. Suppose 0*h = -i*h + 22. What is the units digit of h?
1
Suppose m + 0*m + 1 = q, 3*q + 2*m - 8 = 0. Suppose 3*f = -q*u - 2*f - 23, -22 = 3*u + 5*f. What is the units digit of u?
1
Let k(h) be the first derivative of h**4/4 - 3*h**3 + 3*h**2/2 - 13*h + 1. What is the tens digit of k(9)?
1
Suppose 2*p + 9 = -c - 18, -c - p - 31 = 0. Let t = c + 56. Suppose -t = -2*v - 5. What is the units digit of v?
8
Suppose 3*p - 5*y = 429, 4*y - 1035 = -5*p - 283. What is the tens digit of p?
4
Let o(x) = x**2 - 3*x + 18. What is the units digit of o(-6)?
2
Let y be ((-2)/3)/((-7)/21). Suppose -4 = -y*d + 28. What is the tens digit of d?
1
Let v = -46 - -106. What is the tens digit of v?
6
Suppose -83 = -3*h + 34. Suppose 14 = -s + h. Suppose s + 29 = 3*j. What is the tens digit of j?
1
Let g = 58 - 16. What is the tens digit of g?
4
What is the tens digit of (10/15)/((-2)/(-264))?
8
What is the tens digit of 2/(-4)*(3 - 149)?
7
Suppose -2*m + 6*m - 32 = 0. What is the units digit of m?
8
What is the tens digit of -55*((-16)/5)/4?
4
Let z(b) = 2*b**2 + 2*b - 6. Let d(y) = 3*y**2 + 3*y - 9. Let o(k) = 5*d(k) - 7*z(k). Let t be 30/(-8) + 1/(-4). What is the units digit of o(t)?
9
What is the tens digit of (-6)/(-21) + (-766)/(-14)?
5
Let j(y) = -y**3 + 5*y**2 - 5*y + 3. Suppose 2*f - 12 = -5*m + m, -4*f = 5*m - 12. Let n be j(m). Let q(i) = -7*i**3. What is the units digit of q(n)?
7
Let w be (3 - (3 - 0))/(-2). Suppose w = 2*b - 11 - 9. What is the units digit of b?
0
Let i(z) = z**2 + 12*z + 28. What is the units digit of i(9)?
7
Suppose -2*b + 122 = -2*n, -b + 5*n = -3*b + 115. What is the tens digit of b?
6
Suppose 0 = k - 20 - 13. What is the tens digit of k?
3
Let m(q) = -q**2 - q + 1. Let t(y) = y**3 - 3*y**2 + 9*y - 6. Let s(p) = 3*m(p) + t(p). What is the units digit of s(5)?
2
Let z be 6/(-9)*66/(-4). Let x = z - 9. What is the units digit of x?
2
Suppose -2*w - 5*p = -26, 5*w + 15 = -5*p + 50. Suppose -w*l + 2 = -1. What is the units digit of -2 - (-5 + 0/l)?
3
Let u(q) = q**3 + 3*q**2 - q + 2. Let y be u(-3). Suppose 0 = y*f - 7 - 33. What is the units digit of f?
8
Let i = 4 - 2. Suppose -3*b - 2 = -i*b. What is the units digit of ((-12)/(-10))/(b/(-10))?
6
Suppose -v - 2*v = 6. Let o be (-1)/(1/v) + -6. What is the units digit of o/(-18) + (-102)/(-27)?
4
Let k = 67 - -13. What is the units digit of k?
0
Let d = 57 + -25. What is the units digit of d?
2
Suppose 0 = 4*t + t. Suppose t*l = -2*l + 8. What is the units digit of l?
4
Suppose -o = -3*a + a, -3*o + 4 = -2*a. Let p = -1 + o. What is the units digit of p?
1
What is the tens digit of 4/(-12) + 165/9?
1
Let d(p) = -p**3 - 5*p**2 - 8*p + 12. What is the units digit of d(-7)?
6
Let g be (4/(-8))/(1/(-10)). Let q = 10 - g. What is the units digit of q?
5
Suppose -5*w + 0*n - 3*n - 36 = 0, 3*w + 3*n + 24 = 0. Let t be ((-2)/(-3))/(w/(-9)). Let c = 6 - t. What is the units digit of c?
5
Let n = -4 + 6. Let a be (0/6)/(4/(-2)). Suppose n*f + 4*r + a*r = -10, -11 = 3*f + 5*r. What is the units digit of f?
3
Let f(i) = -i**3 + 1. Let w be f(0). Let b be w + (-30)/(-3) - 2. Suppose 25 = 2*g - b. What is the tens digit of g?
1
Suppose y + 4 = 3*y, -5*y - 20 = 2*c. Suppose -1 - 5 = -2*n. What is the units digit of ((-4)/n)/(1/c)?
0
Let t(n) = -2*n + 1 + 0 + 0 + n**3 - 3 + 5*n**2. Suppose 2*o + 12 = 2. What is the units digit of t(o)?
8
Suppose 0 = 2*g + 2*g. Suppose 88 = 5*z - 0*z + 2*i, g = -5*z - i + 89. What is the units digit of 7/(-1)*z/(-21)?
6
Let h = -10 + 15. Suppose -2*q + 2*t + 24 = -0*t, -q - h*t = 6. What is the units digit of q?
9
Suppose 0 = -2*z + 19 - 1. Let x = 15 - z. What is the units digit of x?
6
Let y = -8 - -4. What is the units digit of 12 + (0/y - 0)?
2
Suppose 4*t - 2*t - 4*n + 8 = 0, 4 = -4*t + 5*n. Suppose 3*f = -4*h + t, 3*h - 2*f = f + 24. What is the units digit of h?
4
Suppose 9 - 1 = -4*t. Let q = 0 - t. Suppose -d + 5*b + 31 = -0*d, d = -q*b - 4. What is the units digit of d?
6
Let c(b) = b**2 + 4*b. Let a(h) = h**2 + 3*h. Let t(p) = -3*a(p) + 4*c(p). Let d be t(-6). What is the units digit of 0 + (2 + -4)*d?
2
What is the tens digit of (-309)/(-6) + (-2)/4?
5
Let m = 5 - 5. Suppose 2*d + l - 4 = m, -2*d + 3*d = -4*